r when 5/(g/(-9)) - -32*5 is divided by 40?
37
Let w(f) = -4*f + 26. Let m be w(6). Suppose 38 = p + p. Calculate the remainder when (2/(-2 - m))/(25/(-3600)) is divided by p.
15
Let y(n) = 38*n + 1. Suppose 6*d - 90 = -3*k, k = 5*d + 1 - 62. What is the remainder when y(2) is divided by d?
12
Suppose -150*z + 151*z - 2*f - 1108 = 0, 0 = 2*z - 2*f - 2220. Calculate the remainder when 1119 is divided by z.
7
Let h = 3510 - 3160. Calculate the remainder when 728 is divided by h.
28
Suppose -3*c = -3*w - 7*c + 158, 21 = w - 5*c. Suppose 1756 + 1188 = w*z. Calculate the remainder when z is divided by (-1 + 0 - 0)*-23.
18
Suppose 30 = 6*j + 6. Suppose z - 3 = 5*p, 2*p - 5*z - 12 = j*p. Calculate the remainder when 152 - ((-20)/p)/4 is divided by 15.
12
Let g be (0 + 1 + 0)/((-49)/(-20090)). Let f = g + -271. Suppose 2*k - 27 = -3*q + 70, -k = -4*q - 43. What is the remainder when f is divided by k?
45
Let m(z) = 8*z - 3. Let c be m(4). Suppose 2*l - 3*d - c = l, 4*l - 3*d = 107. What is the remainder when 127 is divided by l?
23
Suppose 5*c + 10 = 10. Suppose c*u = 2*u - 112. Calculate the remainder when (-14)/u + 105/4 is divided by 5.
1
Let d = -6204 + 6206. Let y be ((-8)/(-2))/1 + 0. Suppose w = y*p + 28, 4*p - 28 = -3*w + d*p. What is the remainder when w is divided by 8?
4
Suppose -10*v + 6*v = -108. Suppose 19*z - 20*z + v = 0. Suppose 4*g - g = -n + 40, 5*g - 72 = n. What is the remainder when z is divided by g?
13
Suppose -3*s + 10*y + 10737 = 0, -y - 3572 = s - 2*s. What is the remainder when s is divided by 42?
41
Let f = -25 - -36. Let y = 50 - f. Calculate the remainder when y is divided by 8/(-5)*(1 + 14)/(-3).
7
Let k(x) = 2*x**2 + 145*x + 1471. What is the remainder when k(-11) is divided by 49?
20
Let o be 190/60 - (-2)/(-12). Suppose 0 = z - o*z - 4. What is the remainder when 5 is divided by 2*(-1 + -3)/z?
1
Let c be (24/16)/((-6)/8). Calculate the remainder when 85 is divided by (c/(-4))/((-4)/(-232)).
27
Suppose 18*b - 128 = -128. Let s(n) = n + 2*n**2 - 4 + 21 - 3*n**2. What is the remainder when 47 is divided by s(b)?
13
Let f(j) = -j**2 + 7*j + 17. Let u be f(9). Let h be (3 + -22)*4*u. Let t = h - 28. What is the remainder when t is divided by 25?
23
Suppose 975 = g - 2*q - 0*q, -1005 = -g - 3*q. What is the remainder when g is divided by 43?
41
Let t be ((-12)/(-22))/3 - 2061/(-99). What is the remainder when (-4455)/(-63) + 6/t is divided by 39?
32
Suppose 3*z = 2*z + 5*x + 19, 0 = 5*z - 3*x - 95. Calculate the remainder when 35/(-21) + 116/3 - 3 is divided by z.
15
Suppose -3*p + 2*o = -147, 4 = -o + 7. Calculate the remainder when 123 is divided by p.
21
Calculate the remainder when 1440 is divided by ((-846)/(-48))/(225/600).
30
Suppose -m + 4*j + 46 = 4*m, m + 5*j + 14 = 0. What is the remainder when 218 is divided by ((-2)/(-4) + 1431/162)*m?
50
Let g(k) be the second derivative of k**3/3 + 47*k**2/2 - 71*k. What is the remainder when g(-21) is divided by 5?
0
Suppose -57*d - 29 = -1169. What is the remainder when 1644 is divided by d?
4
Suppose -4*u + 2*u + 25 = 5*d, -d = -3. Suppose 3*a - 7*s = -6*s + 155, -5*s = u*a - 265. Calculate the remainder when 207 is divided by a.
51
Suppose -4*s - c + 25 - 24 = 0, 1 = s + c. Suppose i = -1, 4*t - 3*i - 2*i - 101 = s. What is the remainder when 37 is divided by t?
13
Let m be (122/(-5))/(4/(-10)). Suppose 3*a = m + 68. Calculate the remainder when a is divided by 760/50 + 2/(-10).
13
Let b = -13 + 22. Calculate the remainder when (38/(-4))/(15/(-240)) is divided by b.
8
Suppose -4*b - 150 = 2*b. Let v = b + 94. Suppose 9*c = 4*c - 4*s + v, -8 = -c + 5*s. What is the remainder when 51 is divided by c?
12
Let i(n) = n**3 - 8*n**2 - 17*n - 15. Let y be i(12). Suppose y = -2*a + 393. What is the remainder when 102 is divided by a?
12
Suppose -948 = 3*w - 3*g, 630 = -2*w + 11*g - 8*g. Calculate the remainder when 29 - 29 - (w + (0 - 0)) is divided by 8.
6
Let u(q) = -q**2 - 7*q - 21. Let c be u(-5). Let b = -8 - c. Suppose 5*g = -0*g - b*f + 58, 0 = -2*g - 3*f + 16. What is the remainder when 109 is divided by g?
11
Suppose 2*x = 25 + 65. Let d = x - 42. Suppose d*f = 25 + 14. Calculate the remainder when 49 is divided by f.
10
Let a = 4 - -53. Let u = -15687 - -15720. What is the remainder when a is divided by u?
24
Suppose -4*l + 149 - 133 = 0. Suppose l*u - 52 = 52. Suppose -5*t = 4*a - 219, 3*a - a - 90 = 4*t. Calculate the remainder when a is divided by u.
25
Suppose 5*r - 4*b = 99, 37*r - 2*b = 35*r + 38. Calculate the remainder when 5164 is divided by r.
12
Let a(z) = -z**3 - 3*z**2 - 10*z - 9. Let g be (-5 - -7)*(-3 + (3 - 2)). What is the remainder when 89 is divided by a(g)?
42
Calculate the remainder when 1346 is divided by (((-5)/(-2))/5)/((-26)/52) - -51.
46
Suppose -29*h + 2511 + 8393 = 0. Suppose -3*u = i - 94, -8*i - 4*u + h = -4*i. What is the remainder when i is divided by 19?
18
Let t = -205 - -596. Suppose 0*b - 3*b + t = -4*q, -b = q - 142. What is the remainder when b is divided by 28?
25
Let z be 0*((-16)/3 + 5)/1. Suppose z = -483*v + 481*v + 862. Calculate the remainder when v is divided by 48.
47
Let d = -5476 - -5611. What is the remainder when 21193 is divided by d?
133
Suppose 68*z + 3211 - 211 = 218*z. Let x be (-18)/63 - 528/14. Let v = 96 + x. What is the remainder when v is divided by z?
18
Suppose 11*y - 10*y = 4*p + 1221, -5*y + 6126 = p. Suppose -6*m = m - y. Calculate the remainder when m is divided by 44.
43
Calculate the remainder when -1*1 - (-195 - -1) is divided by 1/9 - (-164)/(-3690)*-1460.
63
Let h(c) = 128*c + 15. Let x = -3898 - -3946. What is the remainder when h(4) is divided by x?
47
Suppose -14*u - 11*u + 875 = 0. Suppose -4*b - b = 115. Let j = b + u. What is the remainder when 47 is divided by j?
11
Suppose -2703 = -3*t - 2530*i + 2533*i, -2*i = -t + 908. What is the remainder when t is divided by 39?
36
Suppose -39*q + 5042 = -379. Let t(m) = 6*m + 110. What is the remainder when q is divided by t(-12)?
25
Suppose 55*b - 2406 = -481. What is the remainder when 4094 is divided by b?
34
Let q(h) = -5*h + 41. Let j(s) = 135*s - 1105. Let o(n) = -6*j(n) - 165*q(n). Calculate the remainder when 251 is divided by o(10).
11
Let i be 25 - 20 - 0/2. Suppose i*l - 138 = -3*b, -3*b - 17 = -2*l + 55. Calculate the remainder when 179 is divided by l.
29
Suppose -5124 = -64*k - 58*k. Calculate the remainder when 316 is divided by k.
22
Let r = 15425 - 15330. Calculate the remainder when 133 is divided by r.
38
Let h(g) = -23*g**3 - 2*g**2 - 76*g - 250. What is the remainder when h(-3) is divided by 164?
89
Suppose 0 = 2*b + 5*j - 286, -b + 5*j + 93 = -5. Calculate the remainder when 181 is divided by b.
53
Suppose 19*c - 15*c + 1653 = 3*a, 3*a = -3*c + 1632. What is the remainder when a is divided by 179?
10
What is the remainder when 15/21 + (-69722)/(-497) is divided by 1?
0
Suppose 0 = 2*q - 4*h - 316, -4*h - 416 = -3*q + 64. Calculate the remainder when q is divided by 53.
5
Let g = -24 - -34. Let c(j) = 7*j**2 - 18*j - 6. Let x be c(3). Suppose 0 = g*t - x*t - 259. What is the remainder when t is divided by 13?
11
Suppose -4247 = -4*u - 3671. Suppose -3*a + 147 + 0 = 0. What is the remainder when u is divided by a?
46
Let f be 3083/(-4) + 2/(72/27). What is the remainder when 108 is divided by (-24)/20*f/33?
24
Let l(i) = 3020*i. What is the remainder when l(2) is divided by 114?
112
Let b = -54 + 218. Suppose -b*o + 175*o - 2959 = 0. What is the remainder when o is divided by 34?
31
Let v(f) = -f**3 - 17*f**2 - f. Let x(i) = i**2 + 18*i - 17. Let g be x(-18). What is the remainder when v(g) is divided by 10?
7
Let c(z) = -9*z + 35. Let b be c(-7). Let v be -2 - 39/(-21) - 13118/b. Let m = v - -153. What is the remainder when 37 is divided by m?
18
Let g(l) = -2*l**2 - 87*l - 497. What is the remainder when g(-29) is divided by 106?
26
What is the remainder when 14846 is divided by (-3770)/(-13)*(2 + 16/(-10))?
114
Let o(j) = -j**3 + 6*j**2 - 4*j - 1. Let q(p) = 3*p**2 + 5*p - 25. Let g be q(-4). Suppose -73 = -7*n - g. What is the remainder when n is divided by o(5)?
2
Let f(k) = -5*k**3 - 1. Let m be f(-1). Suppose 5*l - 2080 - 412 = -3*r, 5*r - 4104 = 4*l. What is the remainder when 103 is divided by m/6 + r/24?
33
Calculate 